culate the highest common factor of i and 432.
27
Suppose -8 = -3*p + 118. Let c = p - 28. Calculate the greatest common divisor of c and 4.
2
Suppose -2*h + 5*h - 15 = 0. Suppose 0 = q - 2*a - 9, h*a - 2*a = -6. Let t = -4159 - -4164. Calculate the greatest common factor of q and t.
5
Let y(w) = -w**2 + 6*w - 5. Let o be y(3). Suppose -4 = -0*r + o*r. Let p be (1 - r - (6 + -5)) + 14. Calculate the highest common factor of 105 and p.
15
Let w(i) = -i**2 - 48*i - 429. Let t be w(-36). Calculate the greatest common factor of 179 and t.
1
Suppose 0 = 28*w + 21*w + 2*w - 612. What is the greatest common factor of 940 and w?
4
Let z be (-1)/(-2) + 35/2. Let c(t) = -72*t - 399. Let m be c(-6). Let q = m - z. What is the highest common factor of 135 and q?
15
Suppose -129*u + 103092 = 14*u - 22*u. What is the greatest common divisor of u and 36?
12
Let i be (4/3)/(6*5/1665). Let o = i - 63. Calculate the highest common divisor of o and 385.
11
Suppose 2*s = t + 9, s + 2*s = 5*t + 24. Let z be -4 - (t/(-1) - 15). What is the highest common factor of z and 104?
8
Suppose -6 = -2*v, -5665*g = -5669*g + 3*v + 843. Calculate the greatest common divisor of g and 11147.
71
Suppose -3*u - 9 = 0, -u = -c - 2*u. Suppose c*l + 3 - 42 = 0. What is the greatest common factor of 91 and l?
13
Let n = 5957 - 4403. Calculate the highest common divisor of 42 and n.
42
Let h(q) = 90*q**2 - 5*q + 7. Let b be (-3)/(-1 - 5/10). Let j be h(b). Calculate the highest common factor of 17 and j.
17
Suppose 3*k - 1599 + 1557 = 0. Suppose 9*z - d + 1377 = 13*z, -1367 = -4*z + d. What is the highest common divisor of k and z?
7
Let p = 12996 - 12948. Calculate the highest common divisor of 6128 and p.
16
Let j = 2317 + -2142. Calculate the highest common divisor of j and 550.
25
Let n(r) = r**3 + 9*r**2 - 6*r - 138. Let h be n(-7). What is the highest common divisor of 390 and h?
2
Suppose -5*h - p + 1 + 0 = 0, -5 = -5*h - 5*p. Let u(t) = 3*t**2 - t + 2. Let a be u(h). Calculate the highest common divisor of a and 4.
2
Let j be (312/(-30) - -6)/(4/(-10)). Suppose 58 = 13*h - j*h. What is the greatest common factor of h and 58?
29
Let a be ((-40)/(-25))/(2/45). Suppose -5*f + 74 = 2*n - 370, 5*f - 447 = -n. Calculate the greatest common divisor of f and a.
18
Let u(z) = z**2 - z - 12. Let a be u(6). Let s = -15 + 55. Let c be 216/16*s/6. What is the highest common factor of c and a?
18
Suppose 387*k - 394*k = -8680. What is the greatest common factor of k and 40?
40
Let j(y) = y**3 + 23*y**2 + 41*y - 104. Let p be j(-19). What is the greatest common factor of 99 and p?
33
Let i = 8 - 6. Suppose 5 = 3*u + i*q - 1, 0 = -q. Let s be (-2 + (-198)/90)*(-20)/6. What is the greatest common factor of u and s?
2
Let k(l) = -l**3 + 19*l**2 - 35*l + 20. Let q be k(17). Suppose -2*d = 4*n - 8, q*n + 1 = d - 13. What is the highest common divisor of 8 and d?
8
Let h be 3/(-2 + -1) - -80. Let p be ((-120)/18)/(10/75). Let k = h + p. Calculate the highest common divisor of k and 232.
29
Let h(i) = -i**3 - 5*i**2 - i + 12. Let m be h(-5). Let t be 23*m - 0 - (10 - 12). Let c = -96 + t. What is the greatest common divisor of c and 33?
33
Let j be (1 + 2)*(1 - 0). Suppose -j*m + 103 + 209 = 0. Let o = m - 72. Calculate the greatest common factor of 80 and o.
16
Suppose 2*c - 3*g - 222 = -c, 3*g = c - 82. Suppose 3*d - 1132 = -5*s, 5*d - 5*s = 1870 + c. What is the greatest common divisor of d and 24?
24
Suppose 4*r = -4*j + 188, 3*r - 262 = -2*r + 4*j. Let x be 2/(-6)*-6*42/4. Suppose 3*k = 39 + x. What is the highest common factor of k and r?
10
Let y(v) = -v**3 - 16*v**2 - 17*v - 26. Let w be y(-15). Suppose 0*o = 5*s - 3*o - 67, -4*s - w*o = -60. What is the greatest common divisor of s and 322?
14
Let c be (-6)/(-5)*130/39. Suppose r = c*h + 4*r - 5446, 4*h - r - 5438 = 0. What is the highest common factor of h and 85?
85
Let h be (-1)/((-3)/(-12))*(-290)/8. Let o = h - 125. What is the greatest common divisor of o and 20?
20
Suppose -3*k - 300 + 148 = -2*y, -3*k = -5*y + 380. What is the greatest common divisor of 95 and y?
19
Let j = -76 - -428. Suppose 4*g - 5*b - 18 = 0, 0 = 7*b - 3*b + 8. Suppose 40 = g*i - 24. What is the highest common factor of j and i?
32
Suppose 52 = t - 0*t. Suppose 4*p - 157 = -0*q + q, p - t = -4*q. Suppose -p = 9*v - 11*v. What is the greatest common divisor of v and 160?
20
Let m be ((-86)/36 + (-7050)/6345)*1000/(-7). Let s = 15 - 5. Calculate the greatest common factor of m and s.
10
Let q = 756 - 696. Let s(b) = 7*b**2 - 14*b + 12. Let y be s(6). Calculate the highest common divisor of y and q.
60
Let t(j) = -23*j + 123. Let r be t(5). Suppose r = -2*m + 98. Calculate the highest common divisor of 72 and m.
9
Let r(f) = -f**3 - 73*f**2 - 136*f + 456. Let x be r(-71). What is the highest common divisor of 405 and x?
15
Let z be (-6)/27 - (-10730)/180*2. Let g be (-1 + 3)/((-7)/(-28)). Let v = g + 26. What is the highest common divisor of z and v?
17
Let u = -17848 + 23445. Calculate the highest common factor of u and 58.
29
Let b = -60 - -61. Let u be b/2*23 + (-9)/(-6). Let d be -2*u/(13/(-6)). What is the greatest common factor of 60 and d?
12
Let r = 30021 - 29773. Calculate the highest common factor of r and 1352.
8
Let f be 188 - 190 - (-7111 + -1). Calculate the highest common factor of 15 and f.
15
Suppose -2*g - 24 + 289 = -k, -3*k = 3*g - 420. Let u be 105/(23/18 + 30/g). What is the greatest common divisor of u and 10?
10
Let z be 4 + -1 + 738/82. Let r be (42/(-3))/(1 - 2). Let m = r - -46. What is the greatest common factor of z and m?
12
Let f(n) = -25*n**3 + 7*n + 6. Let u(t) = -t**3 + 5*t**2 - 7*t + 11. Let z be u(4). Let w be f(z). What is the highest common factor of 312 and w?
24
Suppose 6*v - 975 = 825. Suppose 0*m = -2*f - 2*m + 370, 0 = 2*f - 2*m - 350. What is the highest common divisor of v and f?
60
Let u be -14 - ((-16198 - -17) + -21). What is the highest common divisor of 57 and u?
57
Let s = 6136 - 1322. What is the greatest common divisor of 83 and s?
83
Let t = 10270 - 10168. Calculate the greatest common factor of t and 6222.
102
Let n = -59 + 63. Suppose 2*j - 136 = -2*z, n*j - 267 = -0*z + z. Calculate the highest common factor of 536 and j.
67
Let c = 336 - 236. Let s(x) = 54*x - 96. Let f be s(4). What is the greatest common divisor of c and f?
20
Let v be 254 - 3*(-5 + 9 - 5). Let y = 439 - v. Calculate the greatest common factor of y and 7.
7
Let i(k) = 2*k**2 + 6*k + 9. Let n be i(-6). Suppose 16*t - 600 + 152 = 0. Let q be (450/8)/((14/2)/t). Calculate the greatest common divisor of q and n.
45
Let c = -3158 - -3215. Calculate the highest common divisor of c and 133.
19
Suppose 738 = 34*m - 622. Calculate the greatest common divisor of m and 45.
5
Let q = 11540 - 8527. Calculate the highest common factor of 69 and q.
23
Let x = 4 + -1. Let y(v) = v**3 - 28*v**2 - 20*v - 45. Let z be y(29). Suppose -10*h + z = -h. Calculate the greatest common divisor of h and x.
3
Let f(h) = 2*h + 1670. Let k be f(-113). What is the greatest common divisor of 608 and k?
76
Let y(c) = c**2 - 7*c + 3. Let r be y(7). Let j(f) = f**3 - 5*f**2 + 10*f - 8. Let u be j(r). What is the highest common divisor of 12 and u?
4
Suppose 4*k = -4*r + 216, 3*r + k = -0*r + 160. Let j = 89 - r. Calculate the greatest common divisor of j and 4.
4
Let k be 3 - ((-2)/(2/(-1)) + -2). Suppose j = -k*z, j = -2*z - 0*z. Suppose -5*p - 34 + 1154 = z. Calculate the highest common divisor of 28 and p.
28
Let a = 2605 - 2601. What is the highest common factor of 236 and a?
4
Suppose 0 = -18*l + 20*l + a - 326, -3*l - 2*a + 490 = 0. Calculate the highest common divisor of l and 5454.
54
Suppose 2*p = 3*p + 1116. Let d be 2/7 + p/(-14). Suppose -1239*l - 950 + 5450 = -1164*l. What is the highest common divisor of l and d?
20
Suppose 5*w + 97*d = 95*d, -3*d = 2*w + 11. Calculate the highest common factor of 178 and w.
2
Let f(m) = m**2 - 19. Let n = -21 - -27. Let c be f(n). Suppose -217 = -2*s - 47. Calculate the greatest common divisor of c and s.
17
Let v(s) = -3*s**3 - s**2 + 4*s - 8. Let m be v(-8). What is the highest common factor of 24 and m?
8
Let s be ((-16)/4 - -1)/(-1). Calculate the highest common factor of s and 243.
3
Suppose 0 = 3*k, -170 = 7*p + k 